e factors of s(-8).
2, 3
Let w(q) = 2*q**2 + 7*q + 1. Let b be w(-5). Suppose r - 4 = 2*r. List the prime factors of 260/b - (-1)/r.
2
Let x be (12/(-10))/((-2)/5). Suppose 2*l = -x*l + 45. List the prime factors of l.
3
Let v be 2*-1 + 40/8. Suppose 2*x - 3*l - 18 = 0, v*l = -0*x - 5*x + 3. List the prime factors of x.
3
Let o(n) = -2*n**2 - 3*n**3 - 3 + 4*n**3 + 0*n - n. List the prime factors of o(3).
3
Let b(l) be the first derivative of -l**4/4 + 4*l**3/3 + 7*l**2/2 + l + 4. Suppose 0 = 3*i - 17 + 2. List the prime factors of b(i).
11
Let t = 114 + -66. Suppose c = 0, 5*c = -m + 3*m - t. Suppose -2*a - 2 = -m. List the prime factors of a.
11
Let m be (-1)/4 - (-65)/20. Let g(u) = 2*u**3 - 4*u**2 - u. Let w be g(m). Suppose 0*q = q - w. What are the prime factors of q?
3, 5
Let f(u) = -7*u + 0*u + 0*u + 6 - u**2. Let g be f(-6). Suppose -3*w + g = -w. What are the prime factors of w?
2, 3
Suppose -88 = -z - 0*z - 4*i, 2*z - 2*i - 226 = 0. List the prime factors of z.
2, 3
Suppose 0 = -4*l + 3*l + 3. Let y(a) = a - 9. Let f(q) = q - 4. Let i(m) = l*y(m) - 5*f(m). What are the prime factors of i(-5)?
3
Suppose -2*q + 52 = -32. List the prime factors of q.
2, 3, 7
Suppose 0 = -6*g + 2*g. Suppose g*q - 2 = -q. List the prime factors of q.
2
Let z(v) = -v**3 + v + 71. What are the prime factors of z(0)?
71
Suppose 5*v - 11 - 29 = -5*x, 3*x - 16 = -2*v. Let j(w) = -2*w - 4 + v + w**2 - 6. List the prime factors of j(-2).
2, 3
Suppose -5*u + 2*l = -0*l + 30, -3*u + 2*l = 22. Let c(m) = -15*m + 5. Let v be c(u). Suppose -6*r + r + v = 0. What are the prime factors of r?
13
Let p(j) = j**2 - 4*j + 4. Let h be p(4). Suppose h*f - 8 = 4. List the prime factors of f.
3
Suppose 0*l - 2*l + 4 = 0. Suppose 14 = l*m - 6. List the prime factors of m.
2, 5
Suppose -3*s + 17 = 2. Suppose 6*u + 18 = 2*w + 4*u, -3*w = s*u + 13. Suppose -w*z = -21 + 5. What are the prime factors of z?
2
Let t = 524 + -304. List the prime factors of t.
2, 5, 11
Let z(t) = 20*t**2 + 2*t - 1. Let j = -10 + 11. List the prime factors of z(j).
3, 7
Let d(o) = -2*o**2 + 4*o. Let k be d(-3). Let n = k - -60. List the prime factors of n.
2, 3, 5
Let y(m) = 5*m - 9. Let a(c) = 4*c - 10. Let d(g) = -4*a(g) + 3*y(g). Let n be d(9). Let s = 13 - n. List the prime factors of s.
3
Suppose 18 - 2 = 4*u. Let n(s) = -u*s**2 - 1 - 8*s + 3*s**2 + 9 + 3. List the prime factors of n(-9).
2
Let s = -59 - -98. What are the prime factors of s?
3, 13
Suppose 0*v - 3*v = -408. List the prime factors of v.
2, 17
Let u be 6/(-2) - (-49)/(-7). Let z = u - -23. What are the prime factors of z?
13
Let n(g) = 2*g**2 - 6*g + 1. What are the prime factors of n(6)?
37
Let j = -2 + 4. Suppose -2*g - 5 = j*v - 47, -v = -5*g + 93. What are the prime factors of g?
19
Let i = -13 + 10. List the prime factors of (-364)/21*i/2.
2, 13
Let m be (-1 - -4)*(3 - 2). Let a be 95/20*(-1 - -5). Suppose b - 9 = -s - 3*b, 0 = m*s + 4*b - a. What are the prime factors of s?
5
Suppose 3*f - 90 = f. List the prime factors of f.
3, 5
Let y be (161/(-21))/((-1)/9). Suppose -5*a + 6 = -y. What are the prime factors of a?
3, 5
Suppose 0 = -4*w - 5*z + 732, -w - 4*z + 233 = 39. List the prime factors of w.
2, 89
Suppose r - 24 = 5. What are the prime factors of r?
29
Let z(i) = -11*i + 1. Let x be z(2). List the prime factors of (-54)/4*14/x.
3
Suppose -31 = -2*j + j + 2*a, 4*j + a - 88 = 0. List the prime factors of j.
23
Let p = -16 + 25. Suppose -3*b + 3*i - p = -6*b, -3*i + 9 = -3*b. Let m(z) = z**3 + z**2 + z + 9. What are the prime factors of m(b)?
3
Let b = -107 - -218. List the prime factors of b.
3, 37
Let k be -2 + 2 + 2*9. Let r = -12 + k. List the prime factors of r.
2, 3
Suppose 5*q = -0*w + w + 995, 3*q - 610 = -2*w. What are the prime factors of q?
2, 5
Let m be (12/9 - 1)*15. Suppose -m*q = -3*q - 10. Suppose -i - 3*y + 5 = 0, -q*i = 2*y + 10 - 48. What are the prime factors of i?
2
Let j(m) = -2*m - 5. Let s be j(-4). Suppose -2*z - 36 - 133 = -s*r, -3*z = 5*r - 269. Suppose 0 = x + 3*x - v - r, -v = -3*x + 40. List the prime factors of x.
3, 5
Suppose o + 5*y - 41 = -3*o, -y + 1 = 0. Let b(v) = v**3 + 7*v**2 + 5*v + 7. Let t be b(-6). Let c = t - o. List the prime factors of c.
2
Suppose 4*i - 3*w + 29 = 2*i, -5*w = -3*i - 44. Let r = -21 - i. Let b(m) = m**2 + 9*m + 12. What are the prime factors of b(r)?
2
What are the prime factors of 1/4 + 819/36?
23
Let q(v) = -v**2 - v + 12. Suppose 0*i = -3*i. What are the prime factors of q(i)?
2, 3
Suppose -5*k = 3*n - 30, k + 4*n - 2*n - 13 = 0. What are the prime factors of k?
3
Let c(z) = -z**3 - 4*z**2 + 5*z + 4. Let q = -11 - -6. List the prime factors of c(q).
2
Let q(u) = 6 - 3*u + 0*u + 4*u. List the prime factors of q(14).
2, 5
Suppose 0 = 2*p - 3 + 1. Let k(y) = -y**2 - 3*y + 2. Let i be k(-5). Let m = p - i. What are the prime factors of m?
3
Let n = 1 - -2. Suppose n*o - o = 38. List the prime factors of o.
19
Let i(u) = 2*u - 13. Let w(j) = 1. Let d(t) = i(t) + 2*w(t). Let h(l) = -l**3 + 4*l**2 + l + 4. Let a be h(4). What are the prime factors of d(a)?
5
Suppose -2*v = -43 - 7. Suppose -v = -0*g - 5*g. List the prime factors of g.
5
Suppose 3*i = 2*j - 20, -2*i = i + 12. Let s = 4 - j. Suppose -2*h + 14 = 3*h + g, 2*h + g - 5 = s. List the prime factors of h.
3
Let r(k) = -k**2 + 13*k - 5. List the prime factors of r(11).
17
Suppose 4*s - 33 - 15 = 0. Let c = s - -11. List the prime factors of c.
23
Let m(p) = -4*p - 2. Let q be m(-2). Let a(r) = 9*r - 9. What are the prime factors of a(q)?
3, 5
Suppose 0 = -4*l + l + 24. List the prime factors of l.
2
Suppose 3*o - 200 = -4*x - 26, -o = -2. What are the prime factors of x?
2, 3, 7
What are the prime factors of (-3 + 180)/((-2)/(-2))?
3, 59
What are the prime factors of ((-4)/(-5))/(4/10) - -117?
7, 17
Suppose 0*t + 3*t - 140 = g, 5*g = 4*t - 172. List the prime factors of t.
2, 3
Let u = 192 - 135. What are the prime factors of u?
3, 19
Suppose 4*t - 11 = 5. List the prime factors of (-7)/(((-7)/t)/7).
2, 7
Let t = 16 - 14. Suppose -3*f = -t*f - 35. List the prime factors of f.
5, 7
Let v(n) = -n**2 + 5*n - 4. Let f be v(3). Suppose 4*l + 10 = f*m, -2*l + 2 = -l + 4*m. What are the prime factors of (14 - (-1 + 2)) + l?
11
Suppose -3*m - 2 = -2*m. Let s = 11 + m. Suppose s = -4*b + 37. What are the prime factors of b?
7
Suppose 0 = -x - 3*x + 20, v - 22 = -x. List the prime factors of v.
17
Let q(b) = b**2 + 14*b - 9. List the prime factors of q(-15).
2, 3
Let y(d) = -d**3 - 6*d**2 + 2. Let i be y(-4). Let m = 65 + i. List the prime factors of m.
5, 7
What are the prime factors of (64/4)/(-2)*-1?
2
Let m(w) = 3*w**3 + 3*w + w**2 - 4*w + 2 - 4*w**3. Let b be ((-4)/2 - -2)/(-1). List the prime factors of m(b).
2
Let v(y) = y**3 + 4*y**2 - 4*y + 7. Let n be v(-5). Suppose -4*g + 8 = -n*g. What are the prime factors of g?
2
Suppose s + 4 = y + 1, -y + 5 = 0. Let z = s + 3. List the prime factors of z.
5
Suppose -179 - 41 = -5*h. What are the prime factors of h?
2, 11
Let j(f) be the third derivative of f**7/5040 + f**6/144 + f**5/30 + f**2. Let q(g) be the third derivative of j(g). List the prime factors of q(5).
2, 5
Suppose -5*m + 13 + 12 = 0. Suppose m*k + t = -3*t + 108, 0 = 2*k - t - 38. What are the prime factors of (-1 + k + -2)*1?
17
Let w be (6/(-8))/(3/(-8)). Suppose -2*g + 47 = w*u - 3*g, -4*u + 73 = 5*g. List the prime factors of u.
2, 11
Let z(n) = n**3 + n**2 - 2*n - 2. Let c be z(3). Let m = 55 - c. What are the prime factors of m?
3
Suppose 4*l = -3*j + 192 - 41, 0 = -3*l - 2*j + 113. What are the prime factors of l?
37
Suppose 425 = 6*x - 61. List the prime factors of x.
3
Let t(c) = c + 7. Let v(l) = 2*l + 8. Let j(i) = -4*t(i) + 3*v(i). List the prime factors of j(10).
2
Let n(t) = -t**2 - 23*t - 1. List the prime factors of n(-14).
5
Let j = 9 + -6. Suppose 0 = -a + q - 5, j*a - q + 0*q + 23 = 0. What are the prime factors of (-15)/a - (-1)/3?
2
Let j = 10 - 1. List the prime factors of j.
3
Suppose 5 = -b + 26. Let a = b - 12. List the prime factors of a.
3
Let y = 48 - -74. List the prime factors of y.
2, 61
Suppose f - 7 = 3*m, -6*f - 20 = -f - 4*m. Let r = 16 + f. What are the prime factors of r?
2
Let s be 25/2 + (-1)/(-2). Let l = -9 + s. What are the prime factors of l?
2
Suppose -2*w 